{"id":10528,"date":"2021-01-28T16:44:16","date_gmt":"2021-01-28T15:44:16","guid":{"rendered":"https:\/\/comein.nrw\/portal\/?page_id=10528"},"modified":"2023-03-08T09:50:39","modified_gmt":"2023-03-08T08:50:39","slug":"tddlb-mint-ii","status":"publish","type":"page","link":"https:\/\/comein.nrw\/portal\/tddl-2021\/tddlb-mint-ii\/","title":{"rendered":"TddL MINT II"},"content":{"rendered":"<!--themify_builder_content-->\n<div id=\"themify_builder_content-10528\" data-postid=\"10528\" class=\"themify_builder_content themify_builder_content-10528 themify_builder tf_clear\">\n    \t<!-- module_row -->\n\t<div  data-css_id=\"40wa598\" data-lazy=\"1\" class=\"module_row themify_builder_row fullwidth tb_40wa598 tb_first tf_clearfix\" >\n\t    \t\t<div class=\"row_inner col_align_top col-count-1 tf_box tf_w tf_rel\">\n\t\t\t<div  data-lazy=\"1\" class=\"module_column tb-column col-full first tb_ijjj598 tf_box\">\n\t\t\t    \t        <div class=\"tb-column-inner tf_box tf_w\">\n\t\t    <!-- module image -->\n<div  class=\"module module-image tb_yy9t598   image-top tf_mw\" data-lazy=\"1\">\n        <div class=\"image-wrap tf_rel tf_mw\">\n\t\t    <img loading=\"lazy\" decoding=\"async\" width=\"2800\" height=\"500\" src=\"https:\/\/comein.nrw\/portal\/wp-content\/uploads\/2021\/02\/TddL-MINT-2.png\" class=\"wp-post-image wp-image-11616\" title=\"TddL MINT 2\" alt=\"Das Banner zeigt den Schriftzug &quot;Web-Seminar. CoP MINT. Praxisorientierte Kategorisierungsraster f\u00fcr Erkl\u00e4rvideos.&quot;\" srcset=\"https:\/\/comein.nrw\/portal\/wp-content\/uploads\/2021\/02\/TddL-MINT-2.png 2800w, https:\/\/comein.nrw\/portal\/wp-content\/uploads\/2021\/02\/TddL-MINT-2-300x54.png 300w, https:\/\/comein.nrw\/portal\/wp-content\/uploads\/2021\/02\/TddL-MINT-2-1024x183.png 1024w, https:\/\/comein.nrw\/portal\/wp-content\/uploads\/2021\/02\/TddL-MINT-2-768x137.png 768w, https:\/\/comein.nrw\/portal\/wp-content\/uploads\/2021\/02\/TddL-MINT-2-1536x274.png 1536w, https:\/\/comein.nrw\/portal\/wp-content\/uploads\/2021\/02\/TddL-MINT-2-2048x366.png 2048w\" sizes=\"auto, (max-width: 2800px) 100vw, 2800px\" \/>\t\n\t\t<\/div>\n\t<!-- \/image-wrap -->\n    \n    \t<\/div>\n<!-- \/module image -->\t        <\/div>\n\t    \t<\/div>\n\t\t    <\/div>\n\t    <!-- \/row_inner -->\n\t<\/div>\n\t<!-- \/module_row -->\n\t\t<!-- module_row -->\n\t<div  data-css_id=\"ts7s598\" data-lazy=\"1\" class=\"module_row themify_builder_row fullwidth tb_ts7s598 tf_clearfix\" >\n\t    \t\t<div class=\"row_inner col_align_top col-count-1 tf_box tf_w tf_rel\">\n\t\t\t<div  data-lazy=\"1\" class=\"module_column tb-column col-full first tb_rnwh599 tf_box\">\n\t\t\t    \t        <div class=\"tb-column-inner tf_box tf_w\">\n\t\t    <!-- module text -->\n<div  class=\"module module-text tb_67nz599   \" data-lazy=\"1\">\n        <div  class=\"tb_text_wrap\">\n    <p><strong style=\"background-color: initial; font-size: 1em;\">CoP: <\/strong><span style=\"background-color: initial; font-size: 1em;\">MINT<\/span><\/p>\n<p><strong>Durchf\u00fchrende Personen:<\/strong><\/p>\n<p style=\"padding-left: 40px;\">Prof. Dr. Josef Riese, Gerrit Albert (RWTH Aachen)<\/p>\n<p style=\"padding-left: 40px;\">Prof. Dr. Stephan Hu\u00dfmann, Cornelius Otto (TU Dortmund)<\/p>\n<p><strong>Das Produkt oder eine Produktauswahl:<\/strong><\/p>\n<p style=\"padding-left: 40px;\">s. Inhalt<\/p>\n<p><strong>Inhalt:\u00a0<\/strong><\/p>\n<p>Im Workshop werden aus den Perspektiven der beiden F\u00e4cher Technik und Mathematik Kriterien an Erkl\u00e4rvideos vorgestellt und diskutiert.<\/p>\n<p>Das Produkt der Technik ist eine Tabelle mit Kriterien zur Beurteilung von Erkl\u00e4rvideos zu unterrichtsrelevanten Themen, wie sie in diversen Videoportalen zu finden sind und auch im Unterricht immer h\u00e4ufiger zum Einsatz kommen. F\u00fcr die Praxis in Schule und Fortbildung wird au\u00dferdem eine handliche Variante in Form eines nutzerfreundlichen Kriterienblattes vorgestellt, das die wichtigsten Elemente zur Beurteilung unterrichtsrelevanter Erkl\u00e4rvideos aus allgemeindidaktischer und fachdidaktischer Perspektive ber\u00fccksichtigt. Damit soll Personen, die mit solchen Videos arbeiten, eine einfache M\u00f6glichkeit an die Hand gegeben werden, diese einzuordnen, so dass n\u00fctzliche und f\u00fcr den Unterricht relevante Videos von weniger n\u00fctzlichen Videos getrennt werden k\u00f6nnen. Das Raster ist in allen drei Ausbildungsphasen einsetzbar, richtet sich aber prim\u00e4r an die zweite Phase.<\/p>\n<p>Die Mathematik fokussiert die Entwicklung fachdidaktischer Kriterien an Erkl\u00e4rvideos f\u00fcr verschiedene Unterrichtsphasen. Die zahlreichen Erkl\u00e4rvideos, wie sie z.B. auf YouTube zu finden sind, besch\u00e4ftigen sich \u00fcberwiegend mit Rechenfertigkeiten, weniger mit konzeptuellen Wissenselementen. Mit Hilfe konsolidierter fachdidaktischer Prinzipien (u.a. kognitive Aktivierung; Leuders &amp; Holzapfel 2011 und Sinnstiftung; Leuders et al. 2011) wird ein Kriterienkatalog f\u00fcr aktivierende und verstehensorientierte Erkl\u00e4rvideos entwickelt, die konzeptuelle Wissensentwicklung in unterschiedliche Kernprozessen im Unterricht (Erkunden, Ordnen, Vertiefen; vgl. Prediger et al. 2011) verfolgen. Erste Konzepte wurden in einer Lehrveranstaltung der TU Dortmund unter der Fragestellung, wie diese Kriterien f\u00fcr Videos zu spezifizieren sind, beforscht. Im Vortrag werden erste Erkenntnisse aus der Erhebung pr\u00e4sentiert und m\u00f6gliche Gelingensbedingungen f\u00fcr Videos diskutiert.<\/p>    <\/div>\n<\/div>\n<!-- \/module text -->\t        <\/div>\n\t    \t<\/div>\n\t\t    <\/div>\n\t    <!-- \/row_inner -->\n\t<\/div>\n\t<!-- \/module_row -->\n\t<\/div>\n<!--\/themify_builder_content-->","protected":false},"excerpt":{"rendered":"<p>CoP: MINT Durchf\u00fchrende Personen: Prof. Dr. Josef Riese, Gerrit Albert (RWTH Aachen) Prof. Dr. Stephan Hu\u00dfmann, Cornelius Otto (TU Dortmund) Das Produkt oder eine Produktauswahl: s. Inhalt Inhalt:\u00a0 Im Workshop werden aus den Perspektiven der beiden F\u00e4cher Technik und Mathematik Kriterien an Erkl\u00e4rvideos vorgestellt und diskutiert. Das Produkt der Technik ist eine Tabelle mit Kriterien [&hellip;]<\/p>\n","protected":false},"author":12,"featured_media":0,"parent":18251,"menu_order":0,"comment_status":"closed","ping_status":"closed","template":"","meta":{"es_repo_domain":"","es_repo_ticket":"","es_plugin_url":"","footnotes":""},"class_list":["post-10528","page","type-page","status-publish","hentry","has-post-title","has-post-date","has-post-category","has-post-tag","has-post-comment","has-post-author",""],"builder_content":"<img loading=\"lazy\" decoding=\"async\" width=\"2800\" height=\"500\" src=\"https:\/\/comein.nrw\/portal\/wp-content\/uploads\/2021\/02\/TddL-MINT-2.png\" title=\"TddL MINT 2\" alt=\"Das Banner zeigt den Schriftzug &quot;Web-Seminar. CoP MINT. Praxisorientierte Kategorisierungsraster f\u00fcr Erkl\u00e4rvideos.&quot;\" srcset=\"https:\/\/comein.nrw\/portal\/wp-content\/uploads\/2021\/02\/TddL-MINT-2.png 2800w, https:\/\/comein.nrw\/portal\/wp-content\/uploads\/2021\/02\/TddL-MINT-2-300x54.png 300w, https:\/\/comein.nrw\/portal\/wp-content\/uploads\/2021\/02\/TddL-MINT-2-1024x183.png 1024w, https:\/\/comein.nrw\/portal\/wp-content\/uploads\/2021\/02\/TddL-MINT-2-768x137.png 768w, https:\/\/comein.nrw\/portal\/wp-content\/uploads\/2021\/02\/TddL-MINT-2-1536x274.png 1536w, https:\/\/comein.nrw\/portal\/wp-content\/uploads\/2021\/02\/TddL-MINT-2-2048x366.png 2048w\" sizes=\"auto, (max-width: 2800px) 100vw, 2800px\" \/>\n<p><strong style=\"background-color: initial; font-size: 1em;\">CoP: <\/strong>MINT<\/p> <p><strong>Durchf\u00fchrende Personen:<\/strong><\/p> <p style=\"padding-left: 40px;\">Prof. Dr. Josef Riese, Gerrit Albert (RWTH Aachen)<\/p> <p style=\"padding-left: 40px;\">Prof. Dr. Stephan Hu\u00dfmann, Cornelius Otto (TU Dortmund)<\/p> <p><strong>Das Produkt oder eine Produktauswahl:<\/strong><\/p> <p style=\"padding-left: 40px;\">s. Inhalt<\/p> <p><strong>Inhalt:\u00a0<\/strong><\/p> <p>Im Workshop werden aus den Perspektiven der beiden F\u00e4cher Technik und Mathematik Kriterien an Erkl\u00e4rvideos vorgestellt und diskutiert.<\/p> <p>Das Produkt der Technik ist eine Tabelle mit Kriterien zur Beurteilung von Erkl\u00e4rvideos zu unterrichtsrelevanten Themen, wie sie in diversen Videoportalen zu finden sind und auch im Unterricht immer h\u00e4ufiger zum Einsatz kommen. F\u00fcr die Praxis in Schule und Fortbildung wird au\u00dferdem eine handliche Variante in Form eines nutzerfreundlichen Kriterienblattes vorgestellt, das die wichtigsten Elemente zur Beurteilung unterrichtsrelevanter Erkl\u00e4rvideos aus allgemeindidaktischer und fachdidaktischer Perspektive ber\u00fccksichtigt. Damit soll Personen, die mit solchen Videos arbeiten, eine einfache M\u00f6glichkeit an die Hand gegeben werden, diese einzuordnen, so dass n\u00fctzliche und f\u00fcr den Unterricht relevante Videos von weniger n\u00fctzlichen Videos getrennt werden k\u00f6nnen. Das Raster ist in allen drei Ausbildungsphasen einsetzbar, richtet sich aber prim\u00e4r an die zweite Phase.<\/p> <p>Die Mathematik fokussiert die Entwicklung fachdidaktischer Kriterien an Erkl\u00e4rvideos f\u00fcr verschiedene Unterrichtsphasen. Die zahlreichen Erkl\u00e4rvideos, wie sie z.B. auf YouTube zu finden sind, besch\u00e4ftigen sich \u00fcberwiegend mit Rechenfertigkeiten, weniger mit konzeptuellen Wissenselementen. Mit Hilfe konsolidierter fachdidaktischer Prinzipien (u.a. kognitive Aktivierung; Leuders &amp; Holzapfel 2011 und Sinnstiftung; Leuders et al. 2011) wird ein Kriterienkatalog f\u00fcr aktivierende und verstehensorientierte Erkl\u00e4rvideos entwickelt, die konzeptuelle Wissensentwicklung in unterschiedliche Kernprozessen im Unterricht (Erkunden, Ordnen, Vertiefen; vgl. Prediger et al. 2011) verfolgen. Erste Konzepte wurden in einer Lehrveranstaltung der TU Dortmund unter der Fragestellung, wie diese Kriterien f\u00fcr Videos zu spezifizieren sind, beforscht. Im Vortrag werden erste Erkenntnisse aus der Erhebung pr\u00e4sentiert und m\u00f6gliche Gelingensbedingungen f\u00fcr Videos diskutiert.<\/p>","_links":{"self":[{"href":"https:\/\/comein.nrw\/portal\/wp-json\/wp\/v2\/pages\/10528","targetHints":{"allow":["GET"]}}],"collection":[{"href":"https:\/\/comein.nrw\/portal\/wp-json\/wp\/v2\/pages"}],"about":[{"href":"https:\/\/comein.nrw\/portal\/wp-json\/wp\/v2\/types\/page"}],"author":[{"embeddable":true,"href":"https:\/\/comein.nrw\/portal\/wp-json\/wp\/v2\/users\/12"}],"replies":[{"embeddable":true,"href":"https:\/\/comein.nrw\/portal\/wp-json\/wp\/v2\/comments?post=10528"}],"version-history":[{"count":24,"href":"https:\/\/comein.nrw\/portal\/wp-json\/wp\/v2\/pages\/10528\/revisions"}],"predecessor-version":[{"id":19439,"href":"https:\/\/comein.nrw\/portal\/wp-json\/wp\/v2\/pages\/10528\/revisions\/19439"}],"up":[{"embeddable":true,"href":"https:\/\/comein.nrw\/portal\/wp-json\/wp\/v2\/pages\/18251"}],"wp:attachment":[{"href":"https:\/\/comein.nrw\/portal\/wp-json\/wp\/v2\/media?parent=10528"}],"curies":[{"name":"wp","href":"https:\/\/api.w.org\/{rel}","templated":true}]}}