{"id":17051,"date":"2022-02-02T13:19:50","date_gmt":"2022-02-02T12:19:50","guid":{"rendered":"https:\/\/comein.nrw\/portal\/?page_id=17051"},"modified":"2023-03-08T09:47:46","modified_gmt":"2023-03-08T08:47:46","slug":"tddl-2022-geiwi","status":"publish","type":"page","link":"https:\/\/comein.nrw\/portal\/tag-der-digitalen-lehrkraeftebildung-2022\/tddl-2022-geiwi\/","title":{"rendered":"TddL 2022: GeiWi"},"content":{"rendered":"<!--themify_builder_content-->\n<div id=\"themify_builder_content-17051\" data-postid=\"17051\" class=\"themify_builder_content themify_builder_content-17051 themify_builder tf_clear\">\n    \t<!-- module_row -->\n\t<div  data-css_id=\"1oak840\" data-lazy=\"1\" class=\"module_row themify_builder_row fullwidth tb_1oak840 tb_first tf_clearfix\" >\n\t    \t\t<div class=\"row_inner col_align_top col-count-1 tf_box tf_w tf_rel\">\n\t\t\t<div  data-lazy=\"1\" class=\"module_column tb-column col-full first tb_u26r841 tf_box\">\n\t\t\t    \t        <div class=\"tb-column-inner tf_box tf_w\">\n\t\t    <!-- module image -->\n<div  class=\"module module-image tb_0dkw841   image-top tf_mw\" data-lazy=\"1\">\n        <div class=\"image-wrap tf_rel tf_mw\">\n\t\t    <img loading=\"lazy\" decoding=\"async\" width=\"2560\" height=\"345\" src=\"https:\/\/comein.nrw\/portal\/wp-content\/uploads\/2022\/01\/Workshop-Banner-scaled.jpg\" class=\"wp-post-image wp-image-16961\" alt=\"Die Grafik zeigt den Schriftzug &quot;Workshop. Tag der digitalen Lehrkr\u00e4ftebildung 2022&quot;.\" srcset=\"https:\/\/comein.nrw\/portal\/wp-content\/uploads\/2022\/01\/Workshop-Banner-scaled.jpg 2560w, https:\/\/comein.nrw\/portal\/wp-content\/uploads\/2022\/01\/Workshop-Banner-300x40.jpg 300w, https:\/\/comein.nrw\/portal\/wp-content\/uploads\/2022\/01\/Workshop-Banner-1024x138.jpg 1024w, https:\/\/comein.nrw\/portal\/wp-content\/uploads\/2022\/01\/Workshop-Banner-768x103.jpg 768w, https:\/\/comein.nrw\/portal\/wp-content\/uploads\/2022\/01\/Workshop-Banner-1536x207.jpg 1536w, https:\/\/comein.nrw\/portal\/wp-content\/uploads\/2022\/01\/Workshop-Banner-2048x276.jpg 2048w\" sizes=\"auto, (max-width: 2560px) 100vw, 2560px\" \/>\t\n\t\t<\/div>\n\t<!-- \/image-wrap -->\n    \n    \t<\/div>\n<!-- \/module image -->\t        <\/div>\n\t    \t<\/div>\n\t\t    <\/div>\n\t    <!-- \/row_inner -->\n\t<\/div>\n\t<!-- \/module_row -->\n\t\t<!-- module_row -->\n\t<div  data-css_id=\"0o0r840\" data-lazy=\"1\" class=\"module_row themify_builder_row fullwidth tb_0o0r840 tf_clearfix\" >\n\t    \t\t<div class=\"row_inner col_align_top col-count-1 tf_box tf_w tf_rel\">\n\t\t\t<div  data-lazy=\"1\" class=\"module_column tb-column col-full first tb_ukdb842 tf_box\">\n\t\t\t    \t        <div class=\"tb-column-inner tf_box tf_w\">\n\t\t    <!-- module text -->\n<div  class=\"module module-text tb_9hkb842   \" data-lazy=\"1\">\n        <div  class=\"tb_text_wrap\">\n    <h3><span style=\"color: #004c93;\"><strong><br>Community of Practice:\u00a0<\/strong>Geisteswissenschaften<\/span><\/h3>\n<p><strong>Titel des Workshops:<br><\/strong>Escape Games, digitales Wortschatzlernen und digitale Geomedien: Einblicke in die Ressourcen der CoP GeiWi<\/p>\n<p><strong>Uhrzeit: <\/strong>13:15-14:45 Uhr<\/p>\n<p><strong>Durchf\u00fchrende\u00a0<\/strong><strong>Personen:\u00a0<br><\/strong>Prof. Dr. Inga Gryl &amp; Dr. Jana Pokraka (Universit\u00e4t Duisburg-Essen)<br>Prof. Dr. Stefanie Frisch &amp; Paulina Lehmkuhl (Bergische Universit\u00e4t Wuppertal)<br>Dr. Janina Reinhardt (Universit\u00e4t Bielefeld) &amp; Melanie Banken (Gymnasium Petrinum)<br>Prof. Dr. Bj\u00f6rn Rothstein &amp; Sophie Ingenillen (Ruhr-Universit\u00e4t Bochum)<br>Prof. Dr. Florian Radvan &amp; Kristina Krieger (Universit\u00e4t zu Bonn)<\/p>\n<p><b>Ressource(n):<br><\/b><span lang=\"EN-US\">Escape Games, Wortschatzarbeit &amp; DiGeo<\/span><\/p>\n<p><strong>Inhalt des Workshops:<br><\/strong>In einer kurzen einleitenden Input-Phase werden die drei Workshops der CoP GeiWi vorgestellt, zu denen sich die Teilnehmenden im Anschluss in Breakout-Sessions, je nach Pr\u00e4ferenz, zuordnen k\u00f6nnen:<\/p>\n<p><span style=\"color: #004c93;\">Workshop 1: Escape Games<\/span><\/p>\n<p>Nach der Pr\u00e4sentation eines Lehrvideos zu BreakoutEdus im Fremdsprachenunterricht l\u00f6sen die Teilnehmer*innen selbst in Kleingruppen ein Mini-Escape. Im Anschluss daran sollen einerseits die direkten Erfahrungen reflektiert und andererseits Chancen und Grenzen dieses Ansatzes diskutiert werden.<\/p>\n<p><span style=\"color: #004c93;\">Workshop 2: Wortschatzlernen: digital, selbstst\u00e4ndig, erfolgreich<\/span><\/p>\n<p>Es werden digitale Hilfsmittel f\u00fcr das Wortschatzlernen vorgestellt, die anhand von lerntheoretischen, multimedialen und fachdidaktischen Kriterien zuvor analysiert wurden. Die Teilnehmer*innen erfahren, welche Kriterien bei der Auswahl angemessener Tools hilfreich sein k\u00f6nnen und lernen gleichzeitig ausgew\u00e4hlte motivierende Ressourcen kennen.<\/p>\n<p><span style=\"color: #004c93;\">Workshop 3: DiGeo: m\u00fcndige, digitale Geomediennutzung in der Lehrkr\u00e4ftebildung<\/span><\/p>\n<p>In dem Workshop bekommen die Teilnehmenden Einblick in ein digitales Lehrkonzept in Form von OER-Lernmaterialien, das im Rahmen von \u201eDiGeo\u201c zum Kompetenzaufbau zur m\u00fcndigen Nutzung digitaler Geomedien (z.B. Google Earth, Geoportal.de) in der geographischen Lehrkr\u00e4ftebildung entwickelt wurde. Der Fokus liegt hierbei auf dem Bereich Reflexion und Reflexivit\u00e4t von digitalen Geomedien.<\/p>\n<p>In einer abschlie\u00dfenden Reflexions- und Auswertungsphase werden die Erfahrungen der Teilnehmenden aus den einzelnen Workshops zusammengetragen und die vorgestellten Tools und Ressourcen u.a. im Hinblick auf ihre Transferierbarkeit reflektiert.<\/p>    <\/div>\n<\/div>\n<!-- \/module text -->\t        <\/div>\n\t    \t<\/div>\n\t\t    <\/div>\n\t    <!-- \/row_inner -->\n\t<\/div>\n\t<!-- \/module_row -->\n\t<\/div>\n<!--\/themify_builder_content-->","protected":false},"excerpt":{"rendered":"<p>Community of Practice:\u00a0Geisteswissenschaften Titel des Workshops:Escape Games, digitales Wortschatzlernen und digitale Geomedien: Einblicke in die Ressourcen der CoP GeiWi Uhrzeit: 13:15-14:45 Uhr Durchf\u00fchrende\u00a0Personen:\u00a0Prof. Dr. Inga Gryl &amp; Dr. Jana Pokraka (Universit\u00e4t Duisburg-Essen)Prof. Dr. Stefanie Frisch &amp; Paulina Lehmkuhl (Bergische Universit\u00e4t Wuppertal)Dr. Janina Reinhardt (Universit\u00e4t Bielefeld) &amp; Melanie Banken (Gymnasium Petrinum)Prof. Dr. Bj\u00f6rn Rothstein &amp; Sophie [&hellip;]<\/p>\n","protected":false},"author":12,"featured_media":0,"parent":17021,"menu_order":0,"comment_status":"closed","ping_status":"closed","template":"","meta":{"es_repo_domain":"","es_repo_ticket":"","es_plugin_url":"","footnotes":""},"class_list":["post-17051","page","type-page","status-publish","hentry","has-post-title","has-post-date","has-post-category","has-post-tag","has-post-comment","has-post-author",""],"builder_content":"<img loading=\"lazy\" decoding=\"async\" width=\"2560\" height=\"345\" src=\"https:\/\/comein.nrw\/portal\/wp-content\/uploads\/2022\/01\/Workshop-Banner-scaled.jpg\" alt=\"Die Grafik zeigt den Schriftzug &quot;Workshop. Tag der digitalen Lehrkr\u00e4ftebildung 2022&quot;.\" srcset=\"https:\/\/comein.nrw\/portal\/wp-content\/uploads\/2022\/01\/Workshop-Banner-scaled.jpg 2560w, https:\/\/comein.nrw\/portal\/wp-content\/uploads\/2022\/01\/Workshop-Banner-300x40.jpg 300w, https:\/\/comein.nrw\/portal\/wp-content\/uploads\/2022\/01\/Workshop-Banner-1024x138.jpg 1024w, https:\/\/comein.nrw\/portal\/wp-content\/uploads\/2022\/01\/Workshop-Banner-768x103.jpg 768w, https:\/\/comein.nrw\/portal\/wp-content\/uploads\/2022\/01\/Workshop-Banner-1536x207.jpg 1536w, https:\/\/comein.nrw\/portal\/wp-content\/uploads\/2022\/01\/Workshop-Banner-2048x276.jpg 2048w\" sizes=\"auto, (max-width: 2560px) 100vw, 2560px\" \/>\n<h3><strong><br>Community of Practice:\u00a0<\/strong>Geisteswissenschaften<\/h3> <p><strong>Titel des Workshops:<br><\/strong>Escape Games, digitales Wortschatzlernen und digitale Geomedien: Einblicke in die Ressourcen der CoP GeiWi<\/p> <p><strong>Uhrzeit: <\/strong>13:15-14:45 Uhr<\/p> <p><strong>Durchf\u00fchrende\u00a0<\/strong><strong>Personen:\u00a0<br><\/strong>Prof. Dr. Inga Gryl &amp; Dr. Jana Pokraka (Universit\u00e4t Duisburg-Essen)<br>Prof. Dr. Stefanie Frisch &amp; Paulina Lehmkuhl (Bergische Universit\u00e4t Wuppertal)<br>Dr. Janina Reinhardt (Universit\u00e4t Bielefeld) &amp; Melanie Banken (Gymnasium Petrinum)<br>Prof. Dr. Bj\u00f6rn Rothstein &amp; Sophie Ingenillen (Ruhr-Universit\u00e4t Bochum)<br>Prof. Dr. Florian Radvan &amp; Kristina Krieger (Universit\u00e4t zu Bonn)<\/p> <p><b>Ressource(n):<br><\/b>Escape Games, Wortschatzarbeit &amp; DiGeo<\/p> <p><strong>Inhalt des Workshops:<br><\/strong>In einer kurzen einleitenden Input-Phase werden die drei Workshops der CoP GeiWi vorgestellt, zu denen sich die Teilnehmenden im Anschluss in Breakout-Sessions, je nach Pr\u00e4ferenz, zuordnen k\u00f6nnen:<\/p> <p>Workshop 1: Escape Games<\/p> <p>Nach der Pr\u00e4sentation eines Lehrvideos zu BreakoutEdus im Fremdsprachenunterricht l\u00f6sen die Teilnehmer*innen selbst in Kleingruppen ein Mini-Escape. Im Anschluss daran sollen einerseits die direkten Erfahrungen reflektiert und andererseits Chancen und Grenzen dieses Ansatzes diskutiert werden.<\/p> <p>Workshop 2: Wortschatzlernen: digital, selbstst\u00e4ndig, erfolgreich<\/p> <p>Es werden digitale Hilfsmittel f\u00fcr das Wortschatzlernen vorgestellt, die anhand von lerntheoretischen, multimedialen und fachdidaktischen Kriterien zuvor analysiert wurden. Die Teilnehmer*innen erfahren, welche Kriterien bei der Auswahl angemessener Tools hilfreich sein k\u00f6nnen und lernen gleichzeitig ausgew\u00e4hlte motivierende Ressourcen kennen.<\/p> <p>Workshop 3: DiGeo: m\u00fcndige, digitale Geomediennutzung in der Lehrkr\u00e4ftebildung<\/p> <p>In dem Workshop bekommen die Teilnehmenden Einblick in ein digitales Lehrkonzept in Form von OER-Lernmaterialien, das im Rahmen von \u201eDiGeo\u201c zum Kompetenzaufbau zur m\u00fcndigen Nutzung digitaler Geomedien (z.B. Google Earth, Geoportal.de) in der geographischen Lehrkr\u00e4ftebildung entwickelt wurde. Der Fokus liegt hierbei auf dem Bereich Reflexion und Reflexivit\u00e4t von digitalen Geomedien.<\/p> <p>In einer abschlie\u00dfenden Reflexions- und Auswertungsphase werden die Erfahrungen der Teilnehmenden aus den einzelnen Workshops zusammengetragen und die vorgestellten Tools und Ressourcen u.a. im Hinblick auf ihre Transferierbarkeit reflektiert.<\/p>\n<a href=\"https:\/\/zlb.uni-due.de\/tag-der-digitalen-lehrkraeftebildung-anmeldung\/\" target=\"_blank\" rel=\"noopener\"> Zur Anmeldung <\/a>","_links":{"self":[{"href":"https:\/\/comein.nrw\/portal\/wp-json\/wp\/v2\/pages\/17051","targetHints":{"allow":["GET"]}}],"collection":[{"href":"https:\/\/comein.nrw\/portal\/wp-json\/wp\/v2\/pages"}],"about":[{"href":"https:\/\/comein.nrw\/portal\/wp-json\/wp\/v2\/types\/page"}],"author":[{"embeddable":true,"href":"https:\/\/comein.nrw\/portal\/wp-json\/wp\/v2\/users\/12"}],"replies":[{"embeddable":true,"href":"https:\/\/comein.nrw\/portal\/wp-json\/wp\/v2\/comments?post=17051"}],"version-history":[{"count":13,"href":"https:\/\/comein.nrw\/portal\/wp-json\/wp\/v2\/pages\/17051\/revisions"}],"predecessor-version":[{"id":18191,"href":"https:\/\/comein.nrw\/portal\/wp-json\/wp\/v2\/pages\/17051\/revisions\/18191"}],"up":[{"embeddable":true,"href":"https:\/\/comein.nrw\/portal\/wp-json\/wp\/v2\/pages\/17021"}],"wp:attachment":[{"href":"https:\/\/comein.nrw\/portal\/wp-json\/wp\/v2\/media?parent=17051"}],"curies":[{"name":"wp","href":"https:\/\/api.w.org\/{rel}","templated":true}]}}