{"id":17111,"date":"2022-02-02T13:20:50","date_gmt":"2022-02-02T12:20:50","guid":{"rendered":"https:\/\/comein.nrw\/portal\/?page_id=17111"},"modified":"2023-03-08T09:48:22","modified_gmt":"2023-03-08T08:48:22","slug":"tddl-2022-kunst-musik","status":"publish","type":"page","link":"https:\/\/comein.nrw\/portal\/tag-der-digitalen-lehrkraeftebildung-2022\/tddl-2022-kunst-musik\/","title":{"rendered":"TddL 2022: Kunst \/ Musik"},"content":{"rendered":"<!--themify_builder_content-->\n<div id=\"themify_builder_content-17111\" data-postid=\"17111\" class=\"themify_builder_content themify_builder_content-17111 themify_builder tf_clear\">\n    \t<!-- module_row -->\n\t<div  data-css_id=\"m27z656\" data-lazy=\"1\" class=\"module_row themify_builder_row fullwidth tb_m27z656 tb_first tf_clearfix\" >\n\t    \t\t<div class=\"row_inner col_align_top col-count-1 tf_box tf_w tf_rel\">\n\t\t\t<div  data-lazy=\"1\" class=\"module_column tb-column col-full first tb_vmz3657 tf_box\">\n\t\t\t    \t        <div class=\"tb-column-inner tf_box tf_w\">\n\t\t    <!-- module image -->\n<div  class=\"module module-image tb_fir6657   image-top tf_mw\" data-lazy=\"1\">\n        <div class=\"image-wrap tf_rel tf_mw\">\n\t\t    <img loading=\"lazy\" decoding=\"async\" width=\"2560\" height=\"345\" src=\"https:\/\/comein.nrw\/portal\/wp-content\/uploads\/2022\/01\/Workshop-Banner-scaled.jpg\" class=\"wp-post-image wp-image-16961\" alt=\"Die Grafik zeigt den Schriftzug &quot;Workshop. Tag der digitalen Lehrkr\u00e4ftebildung 2022&quot;.\" srcset=\"https:\/\/comein.nrw\/portal\/wp-content\/uploads\/2022\/01\/Workshop-Banner-scaled.jpg 2560w, https:\/\/comein.nrw\/portal\/wp-content\/uploads\/2022\/01\/Workshop-Banner-300x40.jpg 300w, https:\/\/comein.nrw\/portal\/wp-content\/uploads\/2022\/01\/Workshop-Banner-1024x138.jpg 1024w, https:\/\/comein.nrw\/portal\/wp-content\/uploads\/2022\/01\/Workshop-Banner-768x103.jpg 768w, https:\/\/comein.nrw\/portal\/wp-content\/uploads\/2022\/01\/Workshop-Banner-1536x207.jpg 1536w, https:\/\/comein.nrw\/portal\/wp-content\/uploads\/2022\/01\/Workshop-Banner-2048x276.jpg 2048w\" sizes=\"auto, (max-width: 2560px) 100vw, 2560px\" \/>\t\n\t\t<\/div>\n\t<!-- \/image-wrap -->\n    \n    \t<\/div>\n<!-- \/module image -->\t        <\/div>\n\t    \t<\/div>\n\t\t    <\/div>\n\t    <!-- \/row_inner -->\n\t<\/div>\n\t<!-- \/module_row -->\n\t\t<!-- module_row -->\n\t<div  data-css_id=\"ac77656\" data-lazy=\"1\" class=\"module_row themify_builder_row fullwidth tb_ac77656 tf_clearfix\" >\n\t    \t\t<div class=\"row_inner col_align_top col-count-1 tf_box tf_w tf_rel\">\n\t\t\t<div  data-lazy=\"1\" class=\"module_column tb-column col-full first tb_o9mr658 tf_box\">\n\t\t\t    \t        <div class=\"tb-column-inner tf_box tf_w\">\n\t\t    <!-- module text -->\n<div  class=\"module module-text tb_o3l8658   \" data-lazy=\"1\">\n        <div  class=\"tb_text_wrap\">\n    <h3><span style=\"color: #004c93;\"><strong><br>Community of Practice: Kunst\/Musik<\/strong><\/span><\/h3>\n<p><strong>Titel des Workshops:<br><\/strong>Geht ins Ohr, bleibt im Kopf\u2026\u00a0Ein CoP-Kunst\/Musik-Podcast als Ressource f\u00fcr die Lehrer*innenbildung<\/p>\n<p><strong>Uhrzeit: <\/strong>13:15-14:45 Uhr<\/p>\n<p><strong>Durchf\u00fchrende\u00a0<\/strong><strong>Personen:<br><\/strong>Prof. Dr. Bernd Clausen (Universit\u00e4t Siegen)<br>Prof. Dr. Johannes Voit (Universit\u00e4t Bielefeld)<br>Dr. Andreas Heye (Universit\u00e4t Bielefeld)<\/p>\n<p><b>Ressource(n):<br><\/b><span lang=\"EN-GB\">Podcasting<\/span><\/p>\n<p><strong>Inhalt des Workshops:<br><\/strong>0. Einf\u00fchrung\/Ziel<\/p>\n<p style=\"padding-left: 40px;\">Podcasts sind nach wie vor beliebt, sowohl als Unterhaltungsmedium, aber auch als Bildungsangebot. Die Erstellung ist mit einfachen Mitteln m\u00f6glich und kann zum Bestandteil von Unterricht, Seminaren und Fortbildungen gemacht werden. Dabei ist Podcasting nicht nur Vermittler von Bildung, sondern auch Lerninhalt an sich \u2013 insbesondere in den kreativen F\u00e4chern Kunst und Musik, da sich hier Gestaltung, Produktion und Distribution mit reflektieren lassen.<\/p>\n<p style=\"padding-left: 40px;\">Die Teilnehmenden erhalten zun\u00e4chst einen allgemeinen \u00dcberblick zu Arbeitsprozessen und Ressourcen in der CoP Kunst\/Musik. Dann soll die Anwendbarkeit des CoP-Podcasts <em>MUKS \u2013 Ein Podcast zu Musik- und Kunstunterricht im digitalen Wandel<\/em> im Rahmen verschiedener Kontexte der Lehrer*innenbildung diskutiert werden.<\/p>\n<p style=\"padding-left: 40px;\">Wir stellen unsere Vorgehensweise beim Podcasting kurz vor und stellen kleine Ausschnitte aus ersten Folgen bereit anhand derer wir zu Diskussionen in Kleingruppen bitten.<\/p>\n<p>1. Aktivierung (Menti-Umfrage)<\/p>\n<p>2. Input<\/p>\n<p style=\"padding-left: 40px;\">Didaktisch-Inhaltlich und Technisch<br>Unsere Erfahrungen, Do\u2019s and Don\u2019ts<\/p>\n<p>3. Arbeitsphase, wie wird der Podcast zur Ressource?<\/p>\n<p>4. Diskussion<\/p>\n<p>\u00a0<\/p>    <\/div>\n<\/div>\n<!-- \/module text -->\t        <\/div>\n\t    \t<\/div>\n\t\t    <\/div>\n\t    <!-- \/row_inner -->\n\t<\/div>\n\t<!-- \/module_row -->\n\t<\/div>\n<!--\/themify_builder_content-->","protected":false},"excerpt":{"rendered":"<p>Community of Practice: Kunst\/Musik Titel des Workshops:Geht ins Ohr, bleibt im Kopf\u2026\u00a0Ein CoP-Kunst\/Musik-Podcast als Ressource f\u00fcr die Lehrer*innenbildung Uhrzeit: 13:15-14:45 Uhr Durchf\u00fchrende\u00a0Personen:Prof. Dr. Bernd Clausen (Universit\u00e4t Siegen)Prof. Dr. Johannes Voit (Universit\u00e4t Bielefeld)Dr. Andreas Heye (Universit\u00e4t Bielefeld) Ressource(n):Podcasting Inhalt des Workshops:0. Einf\u00fchrung\/Ziel Podcasts sind nach wie vor beliebt, sowohl als Unterhaltungsmedium, aber auch als Bildungsangebot. Die [&hellip;]<\/p>\n","protected":false},"author":12,"featured_media":0,"parent":17021,"menu_order":0,"comment_status":"closed","ping_status":"closed","template":"","meta":{"es_repo_domain":"","es_repo_ticket":"","es_plugin_url":"","footnotes":""},"class_list":["post-17111","page","type-page","status-publish","hentry","has-post-title","has-post-date","has-post-category","has-post-tag","has-post-comment","has-post-author",""],"builder_content":"<img loading=\"lazy\" decoding=\"async\" width=\"2560\" height=\"345\" src=\"https:\/\/comein.nrw\/portal\/wp-content\/uploads\/2022\/01\/Workshop-Banner-scaled.jpg\" alt=\"Die Grafik zeigt den Schriftzug &quot;Workshop. Tag der digitalen Lehrkr\u00e4ftebildung 2022&quot;.\" srcset=\"https:\/\/comein.nrw\/portal\/wp-content\/uploads\/2022\/01\/Workshop-Banner-scaled.jpg 2560w, https:\/\/comein.nrw\/portal\/wp-content\/uploads\/2022\/01\/Workshop-Banner-300x40.jpg 300w, https:\/\/comein.nrw\/portal\/wp-content\/uploads\/2022\/01\/Workshop-Banner-1024x138.jpg 1024w, https:\/\/comein.nrw\/portal\/wp-content\/uploads\/2022\/01\/Workshop-Banner-768x103.jpg 768w, https:\/\/comein.nrw\/portal\/wp-content\/uploads\/2022\/01\/Workshop-Banner-1536x207.jpg 1536w, https:\/\/comein.nrw\/portal\/wp-content\/uploads\/2022\/01\/Workshop-Banner-2048x276.jpg 2048w\" sizes=\"auto, (max-width: 2560px) 100vw, 2560px\" \/>\n<h3><strong><br>Community of Practice: Kunst\/Musik<\/strong><\/h3> <p><strong>Titel des Workshops:<br><\/strong>Geht ins Ohr, bleibt im Kopf\u2026\u00a0Ein CoP-Kunst\/Musik-Podcast als Ressource f\u00fcr die Lehrer*innenbildung<\/p> <p><strong>Uhrzeit: <\/strong>13:15-14:45 Uhr<\/p> <p><strong>Durchf\u00fchrende\u00a0<\/strong><strong>Personen:<br><\/strong>Prof. Dr. Bernd Clausen (Universit\u00e4t Siegen)<br>Prof. Dr. Johannes Voit (Universit\u00e4t Bielefeld)<br>Dr. Andreas Heye (Universit\u00e4t Bielefeld)<\/p> <p><b>Ressource(n):<br><\/b>Podcasting<\/p> <p><strong>Inhalt des Workshops:<br><\/strong>0. Einf\u00fchrung\/Ziel<\/p> <p style=\"padding-left: 40px;\">Podcasts sind nach wie vor beliebt, sowohl als Unterhaltungsmedium, aber auch als Bildungsangebot. Die Erstellung ist mit einfachen Mitteln m\u00f6glich und kann zum Bestandteil von Unterricht, Seminaren und Fortbildungen gemacht werden. Dabei ist Podcasting nicht nur Vermittler von Bildung, sondern auch Lerninhalt an sich \u2013 insbesondere in den kreativen F\u00e4chern Kunst und Musik, da sich hier Gestaltung, Produktion und Distribution mit reflektieren lassen.<\/p> <p style=\"padding-left: 40px;\">Die Teilnehmenden erhalten zun\u00e4chst einen allgemeinen \u00dcberblick zu Arbeitsprozessen und Ressourcen in der CoP Kunst\/Musik. Dann soll die Anwendbarkeit des CoP-Podcasts <em>MUKS \u2013 Ein Podcast zu Musik- und Kunstunterricht im digitalen Wandel<\/em> im Rahmen verschiedener Kontexte der Lehrer*innenbildung diskutiert werden.<\/p> <p style=\"padding-left: 40px;\">Wir stellen unsere Vorgehensweise beim Podcasting kurz vor und stellen kleine Ausschnitte aus ersten Folgen bereit anhand derer wir zu Diskussionen in Kleingruppen bitten.<\/p> <p>1. Aktivierung (Menti-Umfrage)<\/p> <p>2. Input<\/p> <p style=\"padding-left: 40px;\">Didaktisch-Inhaltlich und Technisch<br>Unsere Erfahrungen, Do\u2019s and Don\u2019ts<\/p> <p>3. Arbeitsphase, wie wird der Podcast zur Ressource?<\/p> <p>4. Diskussion<\/p> <p>\u00a0<\/p>\n<a href=\"https:\/\/zlb.uni-due.de\/tag-der-digitalen-lehrkraeftebildung-anmeldung\/\" target=\"_blank\" rel=\"noopener\"> Zur Anmeldung <\/a>","_links":{"self":[{"href":"https:\/\/comein.nrw\/portal\/wp-json\/wp\/v2\/pages\/17111","targetHints":{"allow":["GET"]}}],"collection":[{"href":"https:\/\/comein.nrw\/portal\/wp-json\/wp\/v2\/pages"}],"about":[{"href":"https:\/\/comein.nrw\/portal\/wp-json\/wp\/v2\/types\/page"}],"author":[{"embeddable":true,"href":"https:\/\/comein.nrw\/portal\/wp-json\/wp\/v2\/users\/12"}],"replies":[{"embeddable":true,"href":"https:\/\/comein.nrw\/portal\/wp-json\/wp\/v2\/comments?post=17111"}],"version-history":[{"count":13,"href":"https:\/\/comein.nrw\/portal\/wp-json\/wp\/v2\/pages\/17111\/revisions"}],"predecessor-version":[{"id":18199,"href":"https:\/\/comein.nrw\/portal\/wp-json\/wp\/v2\/pages\/17111\/revisions\/18199"}],"up":[{"embeddable":true,"href":"https:\/\/comein.nrw\/portal\/wp-json\/wp\/v2\/pages\/17021"}],"wp:attachment":[{"href":"https:\/\/comein.nrw\/portal\/wp-json\/wp\/v2\/media?parent=17111"}],"curies":[{"name":"wp","href":"https:\/\/api.w.org\/{rel}","templated":true}]}}