{"id":2808,"date":"2020-09-06T20:40:26","date_gmt":"2020-09-06T18:40:26","guid":{"rendered":"https:\/\/comein.nrw\/portal\/?page_id=2808"},"modified":"2023-05-03T11:50:27","modified_gmt":"2023-05-03T09:50:27","slug":"vernetzung","status":"publish","type":"page","link":"https:\/\/comein.nrw\/portal\/veranstaltungen\/vernetzung\/","title":{"rendered":"Vernetzung 2020"},"content":{"rendered":"<!--themify_builder_content-->\n<div id=\"themify_builder_content-2808\" data-postid=\"2808\" class=\"themify_builder_content themify_builder_content-2808 themify_builder tf_clear\">\n    \t<!-- module_row -->\n\t<div  data-css_id=\"5be7199\" data-lazy=\"1\" class=\"module_row themify_builder_row fullwidth tb_5be7199 tb_first tf_clearfix\" >\n\t    \t\t<div class=\"row_inner col_align_top col-count-1 tf_box tf_w tf_rel\">\n\t\t\t<div  data-lazy=\"1\" class=\"module_column tb-column col-full first tb_rxrd199 tf_box\">\n\t\t\t    \t        <div class=\"tb-column-inner tf_box tf_w\">\n\t\t    <!-- module text -->\n<div  class=\"module module-text tb_m5sa261  repeat \" data-lazy=\"1\">\n        <div  class=\"tb_text_wrap\">\n    <p style=\"text-align: center;\">Die Veranstaltung hat bereits stattgefunden. Die Thementische wurden durchgef\u00fchrt und sind erfolgreich beendet worden. Eine Teilnahme ist nicht mehr m\u00f6glich.\u00a0<\/p>    <\/div>\n<\/div>\n<!-- \/module text -->\t        <\/div>\n\t    \t<\/div>\n\t\t    <\/div>\n\t    <!-- \/row_inner -->\n\t<\/div>\n\t<!-- \/module_row -->\n\t\t<!-- module_row -->\n\t<div  data-css_id=\"6qpg369\" data-lazy=\"1\" class=\"module_row themify_builder_row fullwidth tb_6qpg369 tf_clearfix\" >\n\t    \t\t<div class=\"row_inner col_align_top col-count-2 tf_box tf_w tf_rel\"  data-basecol=\"2\" data-col_tablet=\"column-full\" data-col_tablet_landscape=\"column-full\" data-col_mobile=\"column-full\">\n\t\t\t<div  data-lazy=\"1\" class=\"module_column tb-column col4-3 first tb_zv0d370 tf_box\">\n\t\t\t    \t        <div class=\"tb-column-inner tf_box tf_w\">\n\t\t    <!-- module text -->\n<div  class=\"module module-text tb_vdyl211   \" data-lazy=\"1\">\n        <div  class=\"tb_text_wrap\">\n    <h1>Vernetzung<\/h1>\n<p><strong>Zwischen Lerngemeinschaften und Informationsaustausch<\/strong>: Vernetzung zwischen Hochschulen, Landesministerien und weiteren Aus-und Fortbildungsinstitutione. Das Verbundprojekt \u00a0Com<sup>e<\/sup>in zielt auf die Entwicklung von Produkten und Konzepten zur F\u00f6rderung von digitalisierungsbezogenen Kompetenzen von Lehrpersonen, die im Aus- und Fortbildungssystem nutzbar sind. Eine besondere Chance wird dabei in der Kooperation der in diesem System beteiligten Akteure verschiedener Institutionen gesehen (Hochschulen, Ministerien, staatl. Fortbildung, Bezirksregierungen, ZfsL). Der Thementisch soll zun\u00e4chst f\u00fcr die Eigenlogiken der beteiligten Institutionen \u2013 ihre Aufgaben, Strukturen, Arbeitsweisen und Interessen \u2013 sensibilisieren und auf dieser Basis Raum zur Diskussion von Prozessen und Arbeitsformen bieten, die geeignet sind, in diesem Mehrebenensystem eine produktive phasen\u00fcbergreifende Lerngemeinschaft zu etablieren. Dies kann vom Einbringen der spezifischen Expertisen in die Communities of Practice \u00fcber strukturelle Fragen der Dissemination von Produkten in die einzelnen Aus- und Fortbildungsbereiche bis hin zu modellhaften Auswirkungen auf zuk\u00fcnftige Formen der Zusammenarbeit reichen. Wir erhoffen uns auch Erfahrungen aus anderen QLB-Projekten.<\/p>    <\/div>\n<\/div>\n<!-- \/module text --><!-- module text -->\n<div  class=\"module module-text tb_u0yk686   \" data-lazy=\"1\">\n        <div  class=\"tb_text_wrap\">\n    <p>Der Thementisch wird durchgef\u00fchrt unter der Beteiligung von <strong>Ulrich Janzen<\/strong>, Qualit\u00e4ts- und Unterst\u00fctzungsAgentur \u2013 Landesinstitut f\u00fcr Schule (QUA-LiS); <strong>MR Bernd M\u00fcller<\/strong>, Lehrerfortbildung und Qualifizierung im Schulwesen im Ministerium f\u00fcr Schule und Bildung des Landes Nordrhein-Westfalen; <strong>Ingo Schaub<\/strong>, Direktor des Zentrums f\u00fcr schulpraktische Lehrerausbildung K\u00f6ln<\/p>    <\/div>\n<\/div>\n<!-- \/module text -->\t        <\/div>\n\t    \t<\/div>\n\t\t<div  data-lazy=\"1\" class=\"module_column tb-column col4-1 last tb_ujkp354 tf_box\">\n\t\t\t    \t        <div class=\"tb-column-inner tf_box tf_w\">\n\t\t    <!-- module text -->\n<div  class=\"module module-text tb_88mj406  repeat \" data-lazy=\"1\">\n        <div  class=\"tb_text_wrap\">\n    <p style=\"text-align: center;\"><strong>Bardo Herzig<br \/><\/strong>Prof. Dr., Professor f\u00fcr Allgemeine Didaktik und Schulp\u00e4dagogik unter Ber\u00fccksichtigung der Medienp\u00e4dagogik an der Universit\u00e4t Paderborn und Direktor des Zentrums f\u00fcr Bildungsforschung und Lehrerbildung (PLAZ-Professional School).<\/p>\n<p style=\"text-align: center;\">Anschrift: <br \/>Universit\u00e4t Paderborn, <br \/>Warburger Str. 100, <br \/>33098 Paderborn<\/p>\n<p style=\"text-align: center;\"><a href=\"mailto: bardo.herzig@upb.de\" target=\"_blank\" rel=\"noopener\">E-Mail<\/a><\/p>    <\/div>\n<\/div>\n<!-- \/module text -->\t        <\/div>\n\t    \t<\/div>\n\t\t    <\/div>\n\t    <!-- \/row_inner -->\n\t<\/div>\n\t<!-- \/module_row -->\n\t<\/div>\n<!--\/themify_builder_content-->","protected":false},"excerpt":{"rendered":"<p>Die Veranstaltung hat bereits stattgefunden. Die Thementische wurden durchgef\u00fchrt und sind erfolgreich beendet worden. Eine Teilnahme ist nicht mehr m\u00f6glich.\u00a0 Vernetzung Zwischen Lerngemeinschaften und Informationsaustausch: Vernetzung zwischen Hochschulen, Landesministerien und weiteren Aus-und Fortbildungsinstitutione. Das Verbundprojekt \u00a0Comein zielt auf die Entwicklung von Produkten und Konzepten zur F\u00f6rderung von digitalisierungsbezogenen Kompetenzen von Lehrpersonen, die im Aus- und [&hellip;]<\/p>\n","protected":false},"author":16,"featured_media":0,"parent":16847,"menu_order":0,"comment_status":"closed","ping_status":"closed","template":"","meta":{"es_repo_domain":"https:\/\/redaktion.openeduhub.net\/edu-sharing\/","es_repo_ticket":"","es_plugin_url":"https:\/\/comein.nrw\/portal\/wp-content\/plugins","footnotes":""},"class_list":["post-2808","page","type-page","status-publish","hentry","has-post-title","has-post-date","has-post-category","has-post-tag","has-post-comment","has-post-author",""],"builder_content":"<p style=\"text-align: center;\">Die Veranstaltung hat bereits stattgefunden. Die Thementische wurden durchgef\u00fchrt und sind erfolgreich beendet worden. Eine Teilnahme ist nicht mehr m\u00f6glich.\u00a0<\/p>\n<h1>Vernetzung<\/h1> <p><strong>Zwischen Lerngemeinschaften und Informationsaustausch<\/strong>: Vernetzung zwischen Hochschulen, Landesministerien und weiteren Aus-und Fortbildungsinstitutione. Das Verbundprojekt \u00a0Com<sup>e<\/sup>in zielt auf die Entwicklung von Produkten und Konzepten zur F\u00f6rderung von digitalisierungsbezogenen Kompetenzen von Lehrpersonen, die im Aus- und Fortbildungssystem nutzbar sind. Eine besondere Chance wird dabei in der Kooperation der in diesem System beteiligten Akteure verschiedener Institutionen gesehen (Hochschulen, Ministerien, staatl. Fortbildung, Bezirksregierungen, ZfsL). Der Thementisch soll zun\u00e4chst f\u00fcr die Eigenlogiken der beteiligten Institutionen \u2013 ihre Aufgaben, Strukturen, Arbeitsweisen und Interessen \u2013 sensibilisieren und auf dieser Basis Raum zur Diskussion von Prozessen und Arbeitsformen bieten, die geeignet sind, in diesem Mehrebenensystem eine produktive phasen\u00fcbergreifende Lerngemeinschaft zu etablieren. Dies kann vom Einbringen der spezifischen Expertisen in die Communities of Practice \u00fcber strukturelle Fragen der Dissemination von Produkten in die einzelnen Aus- und Fortbildungsbereiche bis hin zu modellhaften Auswirkungen auf zuk\u00fcnftige Formen der Zusammenarbeit reichen. Wir erhoffen uns auch Erfahrungen aus anderen QLB-Projekten.<\/p>\n<p>Der Thementisch wird durchgef\u00fchrt unter der Beteiligung von <strong>Ulrich Janzen<\/strong>, Qualit\u00e4ts- und Unterst\u00fctzungsAgentur \u2013 Landesinstitut f\u00fcr Schule (QUA-LiS); <strong>MR Bernd M\u00fcller<\/strong>, Lehrerfortbildung und Qualifizierung im Schulwesen im Ministerium f\u00fcr Schule und Bildung des Landes Nordrhein-Westfalen; <strong>Ingo Schaub<\/strong>, Direktor des Zentrums f\u00fcr schulpraktische Lehrerausbildung K\u00f6ln<\/p>\n<p style=\"text-align: center;\"><strong>Bardo Herzig<br \/><\/strong>Prof. Dr., Professor f\u00fcr Allgemeine Didaktik und Schulp\u00e4dagogik unter Ber\u00fccksichtigung der Medienp\u00e4dagogik an der Universit\u00e4t Paderborn und Direktor des Zentrums f\u00fcr Bildungsforschung und Lehrerbildung (PLAZ-Professional School).<\/p> <p style=\"text-align: center;\">Anschrift: <br \/>Universit\u00e4t Paderborn, <br \/>Warburger Str. 100, <br \/>33098 Paderborn<\/p> <p style=\"text-align: center;\"><a href=\"mailto: bardo.herzig@upb.de\" target=\"_blank\" rel=\"noopener\">E-Mail<\/a><\/p>","_links":{"self":[{"href":"https:\/\/comein.nrw\/portal\/wp-json\/wp\/v2\/pages\/2808","targetHints":{"allow":["GET"]}}],"collection":[{"href":"https:\/\/comein.nrw\/portal\/wp-json\/wp\/v2\/pages"}],"about":[{"href":"https:\/\/comein.nrw\/portal\/wp-json\/wp\/v2\/types\/page"}],"author":[{"embeddable":true,"href":"https:\/\/comein.nrw\/portal\/wp-json\/wp\/v2\/users\/16"}],"replies":[{"embeddable":true,"href":"https:\/\/comein.nrw\/portal\/wp-json\/wp\/v2\/comments?post=2808"}],"version-history":[{"count":24,"href":"https:\/\/comein.nrw\/portal\/wp-json\/wp\/v2\/pages\/2808\/revisions"}],"predecessor-version":[{"id":19528,"href":"https:\/\/comein.nrw\/portal\/wp-json\/wp\/v2\/pages\/2808\/revisions\/19528"}],"up":[{"embeddable":true,"href":"https:\/\/comein.nrw\/portal\/wp-json\/wp\/v2\/pages\/16847"}],"wp:attachment":[{"href":"https:\/\/comein.nrw\/portal\/wp-json\/wp\/v2\/media?parent=2808"}],"curies":[{"name":"wp","href":"https:\/\/api.w.org\/{rel}","templated":true}]}}

<!--themify_builder_content-->
<div id="themify_builder_content-2808" data-postid="2808" class="themify_builder_content themify_builder_content-2808 themify_builder tf_clear">
    	<!-- module_row -->
	<div  data-css_id="5be7199" data-lazy="1" class="module_row themify_builder_row fullwidth tb_5be7199 tb_first tf_clearfix" >
	    		<div class="row_inner col_align_top col-count-1 tf_box tf_w tf_rel">
			<div  data-lazy="1" class="module_column tb-column col-full first tb_rxrd199 tf_box">
			    	        <div class="tb-column-inner tf_box tf_w">
		    <!-- module text -->
<div  class="module module-text tb_m5sa261  repeat " data-lazy="1">
        <div  class="tb_text_wrap">
    <p style="text-align: center;">Die Veranstaltung hat bereits stattgefunden. Die Thementische wurden durchgeführt und sind erfolgreich beendet worden. Eine Teilnahme ist nicht mehr möglich. </p>    </div>
</div>
<!-- /module text -->	        </div>
	    	</div>
		    </div>
	    <!-- /row_inner -->
	</div>
	<!-- /module_row -->
		<!-- module_row -->
	<div  data-css_id="6qpg369" data-lazy="1" class="module_row themify_builder_row fullwidth tb_6qpg369 tf_clearfix" >
	    		<div class="row_inner col_align_top col-count-2 tf_box tf_w tf_rel"  data-basecol="2" data-col_tablet="column-full" data-col_tablet_landscape="column-full" data-col_mobile="column-full">
			<div  data-lazy="1" class="module_column tb-column col4-3 first tb_zv0d370 tf_box">
			    	        <div class="tb-column-inner tf_box tf_w">
		    <!-- module text -->
<div  class="module module-text tb_vdyl211   " data-lazy="1">
        <div  class="tb_text_wrap">
    <h1>Vernetzung</h1>
<p><strong>Zwischen Lerngemeinschaften und Informationsaustausch</strong>: Vernetzung zwischen Hochschulen, Landesministerien und weiteren Aus-und Fortbildungsinstitutione. Das Verbundprojekt  Com<sup>e</sup>in zielt auf die Entwicklung von Produkten und Konzepten zur Förderung von digitalisierungsbezogenen Kompetenzen von Lehrpersonen, die im Aus- und Fortbildungssystem nutzbar sind. Eine besondere Chance wird dabei in der Kooperation der in diesem System beteiligten Akteure verschiedener Institutionen gesehen (Hochschulen, Ministerien, staatl. Fortbildung, Bezirksregierungen, ZfsL). Der Thementisch soll zunächst für die Eigenlogiken der beteiligten Institutionen – ihre Aufgaben, Strukturen, Arbeitsweisen und Interessen – sensibilisieren und auf dieser Basis Raum zur Diskussion von Prozessen und Arbeitsformen bieten, die geeignet sind, in diesem Mehrebenensystem eine produktive phasenübergreifende Lerngemeinschaft zu etablieren. Dies kann vom Einbringen der spezifischen Expertisen in die Communities of Practice über strukturelle Fragen der Dissemination von Produkten in die einzelnen Aus- und Fortbildungsbereiche bis hin zu modellhaften Auswirkungen auf zukünftige Formen der Zusammenarbeit reichen. Wir erhoffen uns auch Erfahrungen aus anderen QLB-Projekten.</p>    </div>
</div>
<!-- /module text --><!-- module text -->
<div  class="module module-text tb_u0yk686   " data-lazy="1">
        <div  class="tb_text_wrap">
    <p>Der Thementisch wird durchgeführt unter der Beteiligung von <strong>Ulrich Janzen</strong>, Qualitäts- und UnterstützungsAgentur – Landesinstitut für Schule (QUA-LiS); <strong>MR Bernd Müller</strong>, Lehrerfortbildung und Qualifizierung im Schulwesen im Ministerium für Schule und Bildung des Landes Nordrhein-Westfalen; <strong>Ingo Schaub</strong>, Direktor des Zentrums für schulpraktische Lehrerausbildung Köln</p>    </div>
</div>
<!-- /module text -->	        </div>
	    	</div>
		<div  data-lazy="1" class="module_column tb-column col4-1 last tb_ujkp354 tf_box">
			    	        <div class="tb-column-inner tf_box tf_w">
		    <!-- module text -->
<div  class="module module-text tb_88mj406  repeat " data-lazy="1">
        <div  class="tb_text_wrap">
    <p style="text-align: center;"><strong>Bardo Herzig<br /></strong>Prof. Dr., Professor für Allgemeine Didaktik und Schulpädagogik unter Berücksichtigung der Medienpädagogik an der Universität Paderborn und Direktor des Zentrums für Bildungsforschung und Lehrerbildung (PLAZ-Professional School).</p>
<p style="text-align: center;">Anschrift: <br />Universität Paderborn, <br />Warburger Str. 100, <br />33098 Paderborn</p>
<p style="text-align: center;"><a href="mailto: bardo.herzig@upb.de" target="_blank" rel="noopener">E-Mail</a></p>    </div>
</div>
<!-- /module text -->	        </div>
	    	</div>
		    </div>
	    <!-- /row_inner -->
	</div>
	<!-- /module_row -->
	</div>
<!--/themify_builder_content-->

<p>Die Veranstaltung hat bereits stattgefunden. Die Thementische wurden durchgeführt und sind erfolgreich beendet worden. Eine Teilnahme ist nicht mehr möglich.  Vernetzung Zwischen Lerngemeinschaften und Informationsaustausch: Vernetzung zwischen Hochschulen, Landesministerien und weiteren Aus-und Fortbildungsinstitutione. Das Verbundprojekt  Comein zielt auf die Entwicklung von Produkten und Konzepten zur Förderung von digitalisierungsbezogenen Kompetenzen von Lehrpersonen, die im Aus- und [&hellip;]</p>

<p style="text-align: center;">Die Veranstaltung hat bereits stattgefunden. Die Thementische wurden durchgeführt und sind erfolgreich beendet worden. Eine Teilnahme ist nicht mehr möglich. </p>
<h1>Vernetzung</h1> <p><strong>Zwischen Lerngemeinschaften und Informationsaustausch</strong>: Vernetzung zwischen Hochschulen, Landesministerien und weiteren Aus-und Fortbildungsinstitutione. Das Verbundprojekt  Com<sup>e</sup>in zielt auf die Entwicklung von Produkten und Konzepten zur Förderung von digitalisierungsbezogenen Kompetenzen von Lehrpersonen, die im Aus- und Fortbildungssystem nutzbar sind. Eine besondere Chance wird dabei in der Kooperation der in diesem System beteiligten Akteure verschiedener Institutionen gesehen (Hochschulen, Ministerien, staatl. Fortbildung, Bezirksregierungen, ZfsL). Der Thementisch soll zunächst für die Eigenlogiken der beteiligten Institutionen – ihre Aufgaben, Strukturen, Arbeitsweisen und Interessen – sensibilisieren und auf dieser Basis Raum zur Diskussion von Prozessen und Arbeitsformen bieten, die geeignet sind, in diesem Mehrebenensystem eine produktive phasenübergreifende Lerngemeinschaft zu etablieren. Dies kann vom Einbringen der spezifischen Expertisen in die Communities of Practice über strukturelle Fragen der Dissemination von Produkten in die einzelnen Aus- und Fortbildungsbereiche bis hin zu modellhaften Auswirkungen auf zukünftige Formen der Zusammenarbeit reichen. Wir erhoffen uns auch Erfahrungen aus anderen QLB-Projekten.</p>
<p>Der Thementisch wird durchgeführt unter der Beteiligung von <strong>Ulrich Janzen</strong>, Qualitäts- und UnterstützungsAgentur – Landesinstitut für Schule (QUA-LiS); <strong>MR Bernd Müller</strong>, Lehrerfortbildung und Qualifizierung im Schulwesen im Ministerium für Schule und Bildung des Landes Nordrhein-Westfalen; <strong>Ingo Schaub</strong>, Direktor des Zentrums für schulpraktische Lehrerausbildung Köln</p>
<p style="text-align: center;"><strong>Bardo Herzig<br /></strong>Prof. Dr., Professor für Allgemeine Didaktik und Schulpädagogik unter Berücksichtigung der Medienpädagogik an der Universität Paderborn und Direktor des Zentrums für Bildungsforschung und Lehrerbildung (PLAZ-Professional School).</p> <p style="text-align: center;">Anschrift: <br />Universität Paderborn, <br />Warburger Str. 100, <br />33098 Paderborn</p> <p style="text-align: center;"><a href="mailto: bardo.herzig@upb.de" target="_blank" rel="noopener">E-Mail</a></p>
