{"id":5216,"date":"2020-10-27T12:49:24","date_gmt":"2020-10-27T11:49:24","guid":{"rendered":"https:\/\/comein.nrw\/portal\/ag-kowipra-copy\/"},"modified":"2023-03-08T09:39:13","modified_gmt":"2023-03-08T08:39:13","slug":"ag-kowipra","status":"publish","type":"page","link":"https:\/\/comein.nrw\/portal\/ags\/ag-kowipra\/","title":{"rendered":"AG KoWiPra"},"content":{"rendered":"<!--themify_builder_content-->\n<div id=\"themify_builder_content-5216\" data-postid=\"5216\" class=\"themify_builder_content themify_builder_content-5216 themify_builder tf_clear\">\n    \t<!-- module_row -->\n\t<div  data-css_id=\"zl6z304\" data-lazy=\"1\" class=\"module_row themify_builder_row fullwidth tb_zl6z304 tb_first tf_clearfix\" >\n\t    \t\t<div class=\"row_inner col_align_top col-count-1 tf_box tf_w tf_rel\">\n\t\t\t<div  data-lazy=\"1\" class=\"module_column tb-column col-full first tb_t3lg305 tf_box\">\n\t\t\t    \t        <div class=\"tb-column-inner tf_box tf_w\">\n\t\t    <!-- module image -->\n<div  class=\"module module-image tb_kat6954   image-top tf_mw\" data-lazy=\"1\">\n        <div class=\"image-wrap tf_rel tf_mw\">\n\t\t    <img loading=\"lazy\" decoding=\"async\" width=\"2000\" height=\"269\" src=\"https:\/\/comein.nrw\/portal\/wp-content\/uploads\/2021\/08\/Kowipra.jpg\" class=\"wp-post-image wp-image-15995\" alt=\"Das Banner zeigt den Schriftzug &quot;AG Kooperation von Wissenschaft und (Fortbildungs-)Praxis (KoWiPra)&quot;\" srcset=\"https:\/\/comein.nrw\/portal\/wp-content\/uploads\/2021\/08\/Kowipra.jpg 2000w, https:\/\/comein.nrw\/portal\/wp-content\/uploads\/2021\/08\/Kowipra-300x40.jpg 300w, https:\/\/comein.nrw\/portal\/wp-content\/uploads\/2021\/08\/Kowipra-1024x138.jpg 1024w, https:\/\/comein.nrw\/portal\/wp-content\/uploads\/2021\/08\/Kowipra-768x103.jpg 768w, https:\/\/comein.nrw\/portal\/wp-content\/uploads\/2021\/08\/Kowipra-1536x207.jpg 1536w\" sizes=\"auto, (max-width: 2000px) 100vw, 2000px\" \/>\t\n\t\t<\/div>\n\t<!-- \/image-wrap -->\n    \n    \t<\/div>\n<!-- \/module image -->\t        <\/div>\n\t    \t<\/div>\n\t\t    <\/div>\n\t    <!-- \/row_inner -->\n\t<\/div>\n\t<!-- \/module_row -->\n\t\t<!-- module_row -->\n\t<div  data-css_id=\"76cp490\" data-lazy=\"1\" class=\"module_row themify_builder_row repeat fullwidth tb_76cp490 tf_clearfix wow\" data-tf-animation=\"fadeInLeft\" >\n\t    \t\t<div class=\"row_inner col_align_top col-count-2 tf_box tf_w tf_rel\"  data-basecol=\"2\" data-col_mobile=\"column-full\">\n\t\t\t<div  data-lazy=\"1\" style=\"width: 76.8%\" class=\"module_column tb-column col2-1 first tb_krh5491 tf_box\">\n\t\t\t    \t        <div class=\"tb-column-inner tf_box tf_w\">\n\t\t    <!-- module text -->\n<div  class=\"module module-text tb_2lbx763   \" data-lazy=\"1\">\n        <div  class=\"tb_text_wrap\">\n    <p><span style=\"color: #ffffff;\">Die Arbeitsgruppe\u00a0Kooperation Wissenschaft-Praxis (KoWiPra) koordiniert die Entwicklung eines <strong>Prototyps f\u00fcr die Zusammenarbeit von Wissenschaft<\/strong> <strong>und (Fortbildungs-) Praxis<\/strong><em>. <\/em>Die Definition und Vermittlung digitalisierungsbezogener Kompetenzen in Aus- und Fortbildung erfordert die Ausrichtung vieler Partner auf ein gemeinsames Ziel. In der Form stellt dies in dem gro\u00dfen und durch eine sehr heterogene Bildungslandschaft bestimmten Bundesland ein Novum dar. Eine der \u00fcbergreifenden Herausforderungen ist die Ausgestaltung der angestrebten aktiven Rolle f\u00fcr die Hochschulen in der Lehrkr\u00e4ftefortbildung (s. Koalitionsvertrag der Regierungsparteien, S.\u00a09). Dies geschieht im Kontext der Reform der tradierten Fortbildungsstrukturen in NRW und deren bisher eher eingeschr\u00e4nkte Effektivit\u00e4t mit Blick auf digitalisierungsbezogene Kompetenzen. In diesem Kontext m\u00fcssen die divergenten Ausbildungsfunktionen der drei Lehrkr\u00e4ftebildungsphasen sowie die dr\u00e4ngenden Bedarfe der Schulen mit dem Projektanspruch der Evidenzbasierung zum Ausgleich gebracht werden.<\/span><\/p>\n<p><span style=\"color: #ffffff;\">Moderiert werden soll dies durch ein institutionalisiertes Interdependenzmanagement der AG \u201eKooperation von Wissenschaft und (Fortbildungs-)Praxis\u201c (KoWiPra).<\/span><\/p>    <\/div>\n<\/div>\n<!-- \/module text -->\t        <\/div>\n\t    \t<\/div>\n\t\t<div  data-lazy=\"1\" style=\"width: 20%\" class=\"module_column tb-column col2-1 last tb_tfxz492 tf_box\">\n\t\t\t    \t        <div class=\"tb-column-inner tf_box tf_w\">\n\t\t    <!-- module image -->\n<div  class=\"module module-image tb_9jdq78   image-right auto_fullwidth tf_mw\" data-lazy=\"1\">\n        <div class=\"image-wrap tf_rel tf_mw\">\n\t\t    <a href=\"https:\/\/comein.nrw\/portal\/wp-content\/uploads\/2020\/12\/Logo-Kowipra.png\"\n\t       \t        rel=\"lightbox[5216]\">\n\t\t   \t\t<img decoding=\"async\" src=\"https:\/\/comein.nrw\/portal\/wp-content\/uploads\/2020\/12\/Logo-Kowipra.png\" width=\"300\" class=\"wp-post-image wp-image-7954\" title=\"Logo Kowipra\" alt=\"Das Bild zeigt das Logo der AG KoWiPra. Es besteht aus einem Kreis, der geviertelt ist. Jedes Viertel hat eine andere Farbe. Von oben sind im Uhrzeigersinn die vier Begriffe: &quot;Lehrkr\u00e4fteausbildung \/ Referendariat \/ Digitalisierung \/ Lehrkr\u00e4ftefortbildung&quot; zu lesen.\" srcset=\"https:\/\/comein.nrw\/portal\/wp-content\/uploads\/2020\/12\/Logo-Kowipra.png 1000w, https:\/\/comein.nrw\/portal\/wp-content\/uploads\/2020\/12\/Logo-Kowipra-300x300.png 300w, https:\/\/comein.nrw\/portal\/wp-content\/uploads\/2020\/12\/Logo-Kowipra-150x150.png 150w, https:\/\/comein.nrw\/portal\/wp-content\/uploads\/2020\/12\/Logo-Kowipra-768x768.png 768w\" sizes=\"(max-width: 1000px) 100vw, 1000px\" \/>\t    <\/a>\n\t\n\t\t<\/div>\n\t<!-- \/image-wrap -->\n    \n    \t<\/div>\n<!-- \/module image -->\t        <\/div>\n\t    \t<\/div>\n\t\t    <\/div>\n\t    <!-- \/row_inner -->\n\t<\/div>\n\t<!-- \/module_row -->\n\t\t<!-- module_row -->\n\t<div  data-css_id=\"bsgw675\" data-lazy=\"1\" class=\"module_row themify_builder_row fullwidth tb_bsgw675 tf_clearfix wow\" data-tf-animation=\"fadeInRight\" >\n\t    \t\t<div class=\"row_inner col_align_top col-count-1 tf_box tf_w tf_rel\">\n\t\t\t<div  data-lazy=\"1\" class=\"module_column tb-column col-full first tb_n7l8678 tf_box\">\n\t\t\t    \t        <div class=\"tb-column-inner tf_box tf_w\">\n\t\t    <!-- module text -->\n<div  class=\"module module-text tb_biir300  repeat \" data-lazy=\"1\">\n    <h3 class=\"module-title\">AG \u201eKooperation von Wissenschaft und (Fortbildungs-) Praxis\u201c (KoWiPra)  angedockt an die Verbundkoordination<\/h3>    <div  class=\"tb_text_wrap\">\n    <p><span style=\"color: #ffffff;\"><em><strong>Funktion: <\/strong>Interdependenzmanagement <\/em><\/span><\/p>\n<p><span style=\"color: #ffffff;\"><em>Mitglieder aus den folgenden Institutionen:<\/em><\/span><\/p>\n<p><span style=\"color: #ffffff;\"><em>Bezirksregierung (Dr. Thomas Doepner &#8211; BR D\u00fcsseldorf, LRSD Karsten Fahrenkamp &#8211; BR Detmold, LRSD Peter Gatzweiler &#8211; BR K\u00f6ln, OStD Dirk Kolar &#8211; BR Arnsberg, RSD Harald Melching &#8211; BR M\u00fcnster), Ministerium f\u00fcr Schule und Bildung des Landes Nordrhein-Westfalen (<\/em><em><span class=\"\">LMR Dr. Fridtjof Filmer, <\/span>MR\u2019in Dr. Tanja Reinlein,\u00a0<\/em><em>MR. Bernd M\u00fcller, MR&#8217;in Martina Nu\u00dfbaum), Ministerium f\u00fcr Kultur und Wissenschaft des Landes Nordrhein-Westfalen (MR Georg Mertens), QUA-LiS (Ulrich Janzen), Universit\u00e4t Bielefeld (Prof. Dr. Martin Heinrich), Universit\u00e4t Duisburg-Essen (Dr. G\u00fcnther Wolfswinkler), Universit\u00e4t Paderborn (Prof. Dr. Birgit Eickelmann &amp; Prof. Dr. Bardo Herzig), Universit\u00e4t Wuppertal (Dr. Simon G\u00f6rtz).\u00a0 <strong>\u00a0<\/strong><\/em><\/span><\/p>\n<p><span style=\"color: #ffffff;\"><em><strong>Fokus \u2192 Prototyp der Zusammenarbeit von Wissenschaft und Fortbildungspraxis<\/strong><\/em><\/span><\/p>    <\/div>\n<\/div>\n<!-- \/module text --><!-- module text -->\n<div  class=\"module module-text tb_hvap707    wow\" data-tf-animation=\"bounceInRight\" data-lazy=\"1\">\n        <div  class=\"tb_text_wrap\">\n    <p>Es werden tragf\u00e4hige Prozesse der Zusammenarbeit von erster, zweiter und dritter Phase der Lehrkr\u00e4fteausbildung entwickelt und erprobt. Ziel ist es einen Prototyp f\u00fcr die Lehrkr\u00e4ftebildung zur Kooperation von Wissenschaft und (Fortbildungs-) Praxis auszuarbeiten. Dieser soll auch jenseits des Themenfeldes Digitalisierung Universit\u00e4ten Orientierung bei der Zusammenarbeit mit dem hochkomplexen Lehrkr\u00e4ftefortbildungssystem des Landes NRW bieten (Aufbau von Metawissen).<\/p>    <\/div>\n<\/div>\n<!-- \/module text -->\t        <\/div>\n\t    \t<\/div>\n\t\t    <\/div>\n\t    <!-- \/row_inner -->\n\t<\/div>\n\t<!-- \/module_row -->\n\t\t<!-- module_row -->\n\t<div  data-css_id=\"p9ez513\" data-lazy=\"1\" class=\"module_row themify_builder_row repeat fullwidth tb_p9ez513 tf_clearfix\" >\n\t    \t\t<div class=\"row_inner col_align_top col-count-5 tf_box tf_w tf_rel\">\n\t\t\t<div  data-lazy=\"1\" class=\"module_column tb-column col5-1 first tb_0897515 tf_box\">\n\t\t\t    \t        <div class=\"tb-column-inner tf_box tf_w\">\n\t\t    <!-- module image -->\n<div  class=\"module module-image tb_a79n630   image-center tf_mw\" data-lazy=\"1\">\n        <div class=\"image-wrap tf_rel tf_mw\">\n\t\t    <img loading=\"lazy\" decoding=\"async\" src=\"https:\/\/comein.nrw\/portal\/wp-content\/uploads\/2022\/12\/martin_heinrich-biprofessional.jpeg\" width=\"157\" height=\"207\" class=\"wp-post-image wp-image-19317\" alt=\"Das Bild zeigt Herrn Prof. Dr. Martin Heinrich.\">\t\n\t\t<\/div>\n\t<!-- \/image-wrap -->\n    \n    \t<\/div>\n<!-- \/module image --><!-- module text -->\n<div  class=\"module module-text tb_sxa8149   \" data-lazy=\"1\">\n        <div  class=\"tb_text_wrap\">\n    <p style=\"text-align: center;\"><strong>Prof. Dr. Martin Heinrich<br><\/strong>Universit\u00e4t Bielefeld<\/p>    <\/div>\n<\/div>\n<!-- \/module text -->\t        <\/div>\n\t    \t<\/div>\n\t\t<div  data-lazy=\"1\" class=\"module_column tb-column col5-1 second tb_opuf515 tf_box\">\n\t\t\t    \t        <div class=\"tb-column-inner tf_box tf_w\">\n\t\t    <!-- module image -->\n<div  class=\"module module-image tb_qjv5268   image-center tf_mw\" data-lazy=\"1\">\n        <div class=\"image-wrap tf_rel tf_mw\">\n\t\t    <img loading=\"lazy\" decoding=\"async\" src=\"https:\/\/comein.nrw\/portal\/wp-content\/uploads\/2021\/06\/Wolfswinkler_min.jpg\" width=\"157\" height=\"207\" class=\"wp-post-image wp-image-14477\" alt=\"Das Bild zeigt Herrn Wolfswinkler.\">\t\n\t\t<\/div>\n\t<!-- \/image-wrap -->\n    \n    \t<\/div>\n<!-- \/module image --><!-- module text -->\n<div  class=\"module module-text tb_9zlw625   \" data-lazy=\"1\">\n        <div  class=\"tb_text_wrap\">\n    <p style=\"text-align: center;\"><strong>Dr. G\u00fcnther Wolfswinkler<br><\/strong>Universit\u00e4t Duisburg-Essen<\/p>    <\/div>\n<\/div>\n<!-- \/module text -->\t        <\/div>\n\t    \t<\/div>\n\t\t<div  data-lazy=\"1\" class=\"module_column tb-column col5-1 third tb_y3bs515 tf_box\">\n\t\t\t    \t        <div class=\"tb-column-inner tf_box tf_w\">\n\t\t    <!-- module image -->\n<div  class=\"module module-image tb_cjx4840   image-center tf_mw\" data-lazy=\"1\">\n        <div class=\"image-wrap tf_rel tf_mw\">\n\t\t    <img loading=\"lazy\" decoding=\"async\" src=\"https:\/\/comein.nrw\/portal\/wp-content\/uploads\/2021\/06\/Foto_Eickelmann_3zu4-min.png\" width=\"157\" height=\"207\" class=\"wp-post-image wp-image-14197\" alt=\"Bild zeigt die angegebene Person.\">\t\n\t\t<\/div>\n\t<!-- \/image-wrap -->\n    \n    \t<\/div>\n<!-- \/module image --><!-- module text -->\n<div  class=\"module module-text tb_zbhu470   \" data-lazy=\"1\">\n        <div  class=\"tb_text_wrap\">\n    <p style=\"text-align: center;\"><strong>Prof. Dr. Birgit Eickelmann<br><\/strong>Universit\u00e4t Paderborn<\/p>    <\/div>\n<\/div>\n<!-- \/module text -->\t        <\/div>\n\t    \t<\/div>\n\t\t<div  data-lazy=\"1\" class=\"module_column tb-column col5-1 fourth tb_qv2c516 tf_box\">\n\t\t\t    \t        <div class=\"tb-column-inner tf_box tf_w\">\n\t\t    <!-- module image -->\n<div  class=\"module module-image tb_00vm705   image-center tf_mw\" data-lazy=\"1\">\n        <div class=\"image-wrap tf_rel tf_mw\">\n\t\t    <img loading=\"lazy\" decoding=\"async\" src=\"https:\/\/comein.nrw\/portal\/wp-content\/uploads\/2021\/06\/Herzig_min.jpg\" width=\"157\" height=\"207\" class=\"wp-post-image wp-image-14475\" alt=\"Das Bild zeigt Herrn Herzig.\">\t\n\t\t<\/div>\n\t<!-- \/image-wrap -->\n    \n    \t<\/div>\n<!-- \/module image --><!-- module text -->\n<div  class=\"module module-text tb_chsl720  repeat \" data-lazy=\"1\">\n        <div  class=\"tb_text_wrap\">\n    <p style=\"text-align: center;\"><strong>Prof. Dr. Bardo Herzig<br><\/strong>Universit\u00e4t Paderborn<\/p>    <\/div>\n<\/div>\n<!-- \/module text -->\t        <\/div>\n\t    \t<\/div>\n\t\t<div  data-lazy=\"1\" class=\"module_column tb-column col5-1 last tb_ienn516 tf_box\">\n\t\t\t    \t        <div class=\"tb-column-inner tf_box tf_w\">\n\t\t    <!-- module image -->\n<div  class=\"module module-image tb_pn5f903   image-center tf_mw\" data-lazy=\"1\">\n        <div class=\"image-wrap tf_rel tf_mw\">\n\t\t    <img loading=\"lazy\" decoding=\"async\" src=\"https:\/\/comein.nrw\/portal\/wp-content\/uploads\/2021\/06\/Goertz_3zu4-min.png\" width=\"157\" height=\"207\" class=\"wp-post-image wp-image-14263\" alt=\"Bild zeigt die angegebene Person.\">\t\n\t\t<\/div>\n\t<!-- \/image-wrap -->\n    \n    \t<\/div>\n<!-- \/module image --><!-- module text -->\n<div  class=\"module module-text tb_most240   \" data-lazy=\"1\">\n        <div  class=\"tb_text_wrap\">\n    <p style=\"text-align: center;\"><strong>Dr. Simon\u00a0<\/strong><strong>G\u00f6rtz<br><\/strong>Universit\u00e4t Wuppertal<\/p>    <\/div>\n<\/div>\n<!-- \/module text -->\t        <\/div>\n\t    \t<\/div>\n\t\t    <\/div>\n\t    <!-- \/row_inner -->\n\t<\/div>\n\t<!-- \/module_row -->\n\t<\/div>\n<!--\/themify_builder_content-->","protected":false},"excerpt":{"rendered":"<p>Die Arbeitsgruppe\u00a0Kooperation Wissenschaft-Praxis (KoWiPra) koordiniert die Entwicklung eines Prototyps f\u00fcr die Zusammenarbeit von Wissenschaft und (Fortbildungs-) Praxis. Die Definition und Vermittlung digitalisierungsbezogener Kompetenzen in Aus- und Fortbildung erfordert die Ausrichtung vieler Partner auf ein gemeinsames Ziel. In der Form stellt dies in dem gro\u00dfen und durch eine sehr heterogene Bildungslandschaft bestimmten Bundesland ein Novum dar. [&hellip;]<\/p>\n","protected":false},"author":12,"featured_media":0,"parent":8992,"menu_order":0,"comment_status":"closed","ping_status":"closed","template":"","meta":{"es_repo_domain":"","es_repo_ticket":"","es_plugin_url":"","footnotes":""},"class_list":["post-5216","page","type-page","status-publish","hentry","has-post-title","has-post-date","has-post-category","has-post-tag","has-post-comment","has-post-author",""],"builder_content":"<img loading=\"lazy\" decoding=\"async\" width=\"2000\" height=\"269\" src=\"https:\/\/comein.nrw\/portal\/wp-content\/uploads\/2021\/08\/Kowipra.jpg\" alt=\"Das Banner zeigt den Schriftzug &quot;AG Kooperation von Wissenschaft und (Fortbildungs-)Praxis (KoWiPra)&quot;\" srcset=\"https:\/\/comein.nrw\/portal\/wp-content\/uploads\/2021\/08\/Kowipra.jpg 2000w, https:\/\/comein.nrw\/portal\/wp-content\/uploads\/2021\/08\/Kowipra-300x40.jpg 300w, https:\/\/comein.nrw\/portal\/wp-content\/uploads\/2021\/08\/Kowipra-1024x138.jpg 1024w, https:\/\/comein.nrw\/portal\/wp-content\/uploads\/2021\/08\/Kowipra-768x103.jpg 768w, https:\/\/comein.nrw\/portal\/wp-content\/uploads\/2021\/08\/Kowipra-1536x207.jpg 1536w\" sizes=\"auto, (max-width: 2000px) 100vw, 2000px\" \/>\n<p>Die Arbeitsgruppe\u00a0Kooperation Wissenschaft-Praxis (KoWiPra) koordiniert die Entwicklung eines <strong>Prototyps f\u00fcr die Zusammenarbeit von Wissenschaft<\/strong> <strong>und (Fortbildungs-) Praxis<\/strong><em>. <\/em>Die Definition und Vermittlung digitalisierungsbezogener Kompetenzen in Aus- und Fortbildung erfordert die Ausrichtung vieler Partner auf ein gemeinsames Ziel. In der Form stellt dies in dem gro\u00dfen und durch eine sehr heterogene Bildungslandschaft bestimmten Bundesland ein Novum dar. Eine der \u00fcbergreifenden Herausforderungen ist die Ausgestaltung der angestrebten aktiven Rolle f\u00fcr die Hochschulen in der Lehrkr\u00e4ftefortbildung (s. Koalitionsvertrag der Regierungsparteien, S.\u00a09). Dies geschieht im Kontext der Reform der tradierten Fortbildungsstrukturen in NRW und deren bisher eher eingeschr\u00e4nkte Effektivit\u00e4t mit Blick auf digitalisierungsbezogene Kompetenzen. In diesem Kontext m\u00fcssen die divergenten Ausbildungsfunktionen der drei Lehrkr\u00e4ftebildungsphasen sowie die dr\u00e4ngenden Bedarfe der Schulen mit dem Projektanspruch der Evidenzbasierung zum Ausgleich gebracht werden.<\/p> <p>Moderiert werden soll dies durch ein institutionalisiertes Interdependenzmanagement der AG \u201eKooperation von Wissenschaft und (Fortbildungs-)Praxis\u201c (KoWiPra).<\/p>\n<a href=\"https:\/\/comein.nrw\/portal\/wp-content\/uploads\/2020\/12\/Logo-Kowipra.png\" > <img decoding=\"async\" src=\"https:\/\/comein.nrw\/portal\/wp-content\/uploads\/2020\/12\/Logo-Kowipra.png\" width=\"300\" title=\"Logo Kowipra\" alt=\"Das Bild zeigt das Logo der AG KoWiPra. Es besteht aus einem Kreis, der geviertelt ist. Jedes Viertel hat eine andere Farbe. Von oben sind im Uhrzeigersinn die vier Begriffe: &quot;Lehrkr\u00e4fteausbildung \/ Referendariat \/ Digitalisierung \/ Lehrkr\u00e4ftefortbildung&quot; zu lesen.\" srcset=\"https:\/\/comein.nrw\/portal\/wp-content\/uploads\/2020\/12\/Logo-Kowipra.png 1000w, https:\/\/comein.nrw\/portal\/wp-content\/uploads\/2020\/12\/Logo-Kowipra-300x300.png 300w, https:\/\/comein.nrw\/portal\/wp-content\/uploads\/2020\/12\/Logo-Kowipra-150x150.png 150w, https:\/\/comein.nrw\/portal\/wp-content\/uploads\/2020\/12\/Logo-Kowipra-768x768.png 768w\" sizes=\"(max-width: 1000px) 100vw, 1000px\" \/> <\/a>\n<h3>AG \u201eKooperation von Wissenschaft und (Fortbildungs-) Praxis\u201c (KoWiPra) angedockt an die Verbundkoordination<\/h3> <p><em><strong>Funktion: <\/strong>Interdependenzmanagement <\/em><\/p> <p><em>Mitglieder aus den folgenden Institutionen:<\/em><\/p> <p><em>Bezirksregierung (Dr. Thomas Doepner - BR D\u00fcsseldorf, LRSD Karsten Fahrenkamp - BR Detmold, LRSD Peter Gatzweiler - BR K\u00f6ln, OStD Dirk Kolar - BR Arnsberg, RSD Harald Melching - BR M\u00fcnster), Ministerium f\u00fcr Schule und Bildung des Landes Nordrhein-Westfalen (<\/em><em>LMR Dr. Fridtjof Filmer, MR\u2019in Dr. Tanja Reinlein,\u00a0<\/em><em>MR. Bernd M\u00fcller, MR'in Martina Nu\u00dfbaum), Ministerium f\u00fcr Kultur und Wissenschaft des Landes Nordrhein-Westfalen (MR Georg Mertens), QUA-LiS (Ulrich Janzen), Universit\u00e4t Bielefeld (Prof. Dr. Martin Heinrich), Universit\u00e4t Duisburg-Essen (Dr. G\u00fcnther Wolfswinkler), Universit\u00e4t Paderborn (Prof. Dr. Birgit Eickelmann &amp; Prof. Dr. Bardo Herzig), Universit\u00e4t Wuppertal (Dr. Simon G\u00f6rtz).\u00a0 <strong>\u00a0<\/strong><\/em><\/p> <p><em><strong>Fokus \u2192 Prototyp der Zusammenarbeit von Wissenschaft und Fortbildungspraxis<\/strong><\/em><\/p>\n<p>Es werden tragf\u00e4hige Prozesse der Zusammenarbeit von erster, zweiter und dritter Phase der Lehrkr\u00e4fteausbildung entwickelt und erprobt. Ziel ist es einen Prototyp f\u00fcr die Lehrkr\u00e4ftebildung zur Kooperation von Wissenschaft und (Fortbildungs-) Praxis auszuarbeiten. Dieser soll auch jenseits des Themenfeldes Digitalisierung Universit\u00e4ten Orientierung bei der Zusammenarbeit mit dem hochkomplexen Lehrkr\u00e4ftefortbildungssystem des Landes NRW bieten (Aufbau von Metawissen).<\/p>\n<img loading=\"lazy\" decoding=\"async\" src=\"https:\/\/comein.nrw\/portal\/wp-content\/uploads\/2022\/12\/martin_heinrich-biprofessional.jpeg\" width=\"157\" height=\"207\" alt=\"Das Bild zeigt Herrn Prof. Dr. Martin Heinrich.\">\n<p style=\"text-align: center;\"><strong>Prof. Dr. Martin Heinrich<br><\/strong>Universit\u00e4t Bielefeld<\/p>\n<img loading=\"lazy\" decoding=\"async\" src=\"https:\/\/comein.nrw\/portal\/wp-content\/uploads\/2021\/06\/Wolfswinkler_min.jpg\" width=\"157\" height=\"207\" alt=\"Das Bild zeigt Herrn Wolfswinkler.\">\n<p style=\"text-align: center;\"><strong>Dr. G\u00fcnther Wolfswinkler<br><\/strong>Universit\u00e4t Duisburg-Essen<\/p>\n<img loading=\"lazy\" decoding=\"async\" src=\"https:\/\/comein.nrw\/portal\/wp-content\/uploads\/2021\/06\/Foto_Eickelmann_3zu4-min.png\" width=\"157\" height=\"207\" alt=\"Bild zeigt die angegebene Person.\">\n<p style=\"text-align: center;\"><strong>Prof. Dr. Birgit Eickelmann<br><\/strong>Universit\u00e4t Paderborn<\/p>\n<img loading=\"lazy\" decoding=\"async\" src=\"https:\/\/comein.nrw\/portal\/wp-content\/uploads\/2021\/06\/Herzig_min.jpg\" width=\"157\" height=\"207\" alt=\"Das Bild zeigt Herrn Herzig.\">\n<p style=\"text-align: center;\"><strong>Prof. Dr. Bardo Herzig<br><\/strong>Universit\u00e4t Paderborn<\/p>\n<img loading=\"lazy\" decoding=\"async\" src=\"https:\/\/comein.nrw\/portal\/wp-content\/uploads\/2021\/06\/Goertz_3zu4-min.png\" width=\"157\" height=\"207\" alt=\"Bild zeigt die angegebene Person.\">\n<p style=\"text-align: center;\"><strong>Dr. Simon\u00a0<\/strong><strong>G\u00f6rtz<br><\/strong>Universit\u00e4t Wuppertal<\/p>","_links":{"self":[{"href":"https:\/\/comein.nrw\/portal\/wp-json\/wp\/v2\/pages\/5216","targetHints":{"allow":["GET"]}}],"collection":[{"href":"https:\/\/comein.nrw\/portal\/wp-json\/wp\/v2\/pages"}],"about":[{"href":"https:\/\/comein.nrw\/portal\/wp-json\/wp\/v2\/types\/page"}],"author":[{"embeddable":true,"href":"https:\/\/comein.nrw\/portal\/wp-json\/wp\/v2\/users\/12"}],"replies":[{"embeddable":true,"href":"https:\/\/comein.nrw\/portal\/wp-json\/wp\/v2\/comments?post=5216"}],"version-history":[{"count":98,"href":"https:\/\/comein.nrw\/portal\/wp-json\/wp\/v2\/pages\/5216\/revisions"}],"predecessor-version":[{"id":19422,"href":"https:\/\/comein.nrw\/portal\/wp-json\/wp\/v2\/pages\/5216\/revisions\/19422"}],"up":[{"embeddable":true,"href":"https:\/\/comein.nrw\/portal\/wp-json\/wp\/v2\/pages\/8992"}],"wp:attachment":[{"href":"https:\/\/comein.nrw\/portal\/wp-json\/wp\/v2\/media?parent=5216"}],"curies":[{"name":"wp","href":"https:\/\/api.w.org\/{rel}","templated":true}]}}